
What is the greatest common factor of 778003 and 4343?
101
What is the highest common divisor of 60921 and 106864137?
8703
Calculate the greatest common factor of 5508780 and 3405.
15
What is the greatest common divisor of 356 and 13754950?
178
Calculate the greatest common factor of 1350685 and 15.
5
Calculate the greatest common divisor of 7196 and 6552.
28
Calculate the highest common divisor of 9766649 and 5307.
1769
Calculate the greatest common divisor of 79086325 and 300.
25
Calculate the highest common divisor of 78840 and 14090460.
4380
Calculate the highest common factor of 21963380 and 2540.
2540
What is the greatest common factor of 1063843 and 34?
17
What is the highest common divisor of 621113064 and 104?
104
Calculate the highest common factor of 35728 and 42416.
176
What is the highest common factor of 205 and 778711565?
205
Calculate the greatest common factor of 1027 and 12013365.
13
Calculate the highest common divisor of 100 and 2567469550.
50
What is the greatest common factor of 5052 and 809908012?
1684
What is the greatest common factor of 26598 and 12647778?
858
What is the highest common divisor of 140004 and 5466?
6
What is the greatest common factor of 6607 and 2674374853?
6607
Calculate the highest common factor of 88 and 8960138.
22
What is the greatest common divisor of 3165960 and 13048?
56
What is the highest common factor of 181631230 and 1394?
1394
Calculate the highest common factor of 10370118 and 6.
6
What is the highest common factor of 161965709 and 817?
19
Calculate the greatest common divisor of 824069565 and 660.
165
Calculate the greatest common divisor of 5766 and 177162.
6
Calculate the highest common factor of 17133700 and 12400.
3100
What is the highest common factor of 11036471 and 74?
37
Calculate the highest common factor of 75 and 603025.
25
Calculate the highest common factor of 636849 and 1218051.
6183
What is the greatest common divisor of 4045439 and 3587?
17
Calculate the highest common factor of 104968808 and 24.
8
Calculate the greatest common factor of 198 and 3146638.
22
Calculate the greatest common divisor of 292413 and 12.
3
What is the greatest common divisor of 16335 and 1205765?
605
Calculate the highest common factor of 482340870 and 385.
55
What is the greatest common divisor of 3084 and 5837241?
771
Calculate the greatest common divisor of 12656 and 24185.
7
Calculate the greatest common divisor of 484 and 88695662.
242
Calculate the greatest common divisor of 740871964 and 932.
932
Calculate the greatest common divisor of 531 and 491634.
9
What is the greatest common factor of 19371 and 667821?
33
What is the greatest common divisor of 10368 and 7571232?
2592
What is the highest common divisor of 646 and 157658?
34
What is the highest common divisor of 50 and 66791875?
25
Calculate the greatest common divisor of 171 and 998773.
19
What is the greatest common factor of 62397 and 104716032?
6933
Calculate the greatest common factor of 10633 and 230671.
217
What is the greatest common factor of 61791404 and 1046?
1046
Calculate the highest common divisor of 1295 and 4699037.
259
Calculate the greatest common divisor of 348894 and 8093358.
4914
Calculate the highest common divisor of 690 and 33203490.
690
Calculate the highest common factor of 1691 and 6248245.
1691
What is the greatest common factor of 28158 and 6442406?
722
Calculate the highest common divisor of 5673868 and 1116.
124
Calculate the highest common divisor of 32179 and 7959.
7
Calculate the greatest common divisor of 5038460 and 181405.
2555
What is the greatest common divisor of 41194 and 3487599?
479
What is the greatest common factor of 7831422 and 141?
141
What is the greatest common divisor of 1469766 and 96576?
3018
Calculate the highest common factor of 525907 and 1397.
127
What is the highest common divisor of 499058 and 18361?
301
Calculate the highest common divisor of 16008 and 134872.
184
Calculate the highest common divisor of 720 and 35358480.
720
What is the greatest common factor of 418484034 and 1403?
1403
Calculate the highest common divisor of 5077637 and 1737.
193
What is the greatest common divisor of 27859452 and 372?
372
Calculate the highest common divisor of 5735 and 28389545.
185
What is the greatest common divisor of 1363530 and 37971150?
9030
What is the highest common factor of 27796577 and 1076?
269
Calculate the greatest common divisor of 17 and 29390297.
17
Calculate the greatest common factor of 1960688 and 40828.
236
Calculate the greatest common factor of 945 and 2903565.
105
Calculate the greatest common divisor of 302932682 and 14596.
7298
What is the highest common divisor of 152334 and 23031?
27
What is the greatest common divisor of 25 and 31206025?
25
What is the greatest common factor of 66 and 4952706?
66
Calculate the greatest common factor of 6268646 and 1.
1
What is the highest common divisor of 549 and 42089634?
549
Calculate the greatest common divisor of 270951 and 9546.
111
What is the greatest common factor of 7700 and 114884?
308
Calculate the greatest common factor of 81 and 3315573.
81
Calculate the greatest common divisor of 20842515 and 212.
53
What is the greatest common divisor of 81217 and 17111?
241
Calculate the highest common divisor of 11 and 106834530.
11
Calculate the greatest common factor of 700 and 15287335.
35
What is the highest common divisor of 117938 and 691939?
541
Calculate the highest common divisor of 825201 and 585.
117
Calculate the greatest common divisor of 196637 and 392.
49
What is the greatest common factor of 26 and 37080082?
26
What is the greatest common factor of 7355800 and 1160?
40
Calculate the greatest common factor of 377 and 227640517.
377
What is the highest common factor of 202609 and 21131?
1243
Calculate the greatest common divisor of 141046 and 3270.
218
Calculate the highest common factor of 292416 and 12000.
96
Calculate the greatest common divisor of 78790197 and 3415.
683
Calculate the highest common divisor of 1643575 and 13775.
725
What is the highest common divisor of 44900 and 8560?
20
Calculate the greatest common divisor of 78789534 and 6.
6
What is the greatest common factor of 73023 and 765657?
723
Calculate the highest common factor of 842 and 67094.
2
What is the greatest common divisor of 2419 and 3490145?
59
What is the greatest common factor of 345 and 7798296165?
345
Calculate the highest common factor of 221 and 6925341.
17
What is the greatest common factor of 165044 and 2654344?
1364
Calculate the highest common factor of 320 and 1046697280.
320
Calculate the highest common divisor of 19384 and 76743679.
2423
Calculate the greatest common factor of 150 and 12408090.
30
What is the greatest common factor of 66408964 and 951?
317
Calculate the highest common factor of 2172 and 199949433.
543
Calculate the highest common divisor of 1048414292 and 5284.
5284
Calculate the greatest common factor of 7725411882 and 54.
54
Calculate the highest common divisor of 1130400 and 97200.
3600
What is the greatest common factor of 133563 and 67731?
633
Calculate the highest common divisor of 30710 and 9961826.
166
Calculate the highest common factor of 4566120 and 285.
15
What is the greatest common divisor of 35483 and 254595594?
5069
Calculate the greatest common factor of 3046386231 and 111.
111
What is the highest common divisor of 1025 and 566030215?
205
Calculate the greatest common factor of 13671 and 3083694.
93
What is the greatest common factor of 1067283 and 28707?
21
What is the highest common factor of 3232 and 19760?
16
What is the greatest common factor of 1961 and 49954673?
53
What is the highest common factor of 2771 and 21108989?
163
What is the greatest common divisor of 1429016 and 10832?
8
Calculate the highest common factor of 835803 and 9.
9
Calculate the highest common divisor of 522274 and 1258.
34
What is the greatest common divisor of 1481 and 728099587?
1481
Calculate the highest common divisor of 7597491 and 660.
33
Calculate the highest common divisor of 44672 and 8414080.
128
What is the greatest common divisor of 8436516 and 1056?
132
Calculate the highest common divisor of 19385919 and 63.
63
What is the highest common factor of 164863040 and 880?
80
What is the highest c